{"id":81,"date":"2018-06-17T02:42:32","date_gmt":"2018-06-17T02:42:32","guid":{"rendered":"https:\/\/lifeisajourney.co.nz\/rur\/?page_id=81"},"modified":"2018-06-27T23:04:00","modified_gmt":"2018-06-27T23:04:00","slug":"research","status":"publish","type":"page","link":"https:\/\/lifeisajourney.co.nz\/rur\/research\/","title":{"rendered":"Research"},"content":{"rendered":"<p><strong>Richmond<br \/>\n<\/strong><a title=\"https:\/\/en.wikipedia.org\/wiki\/Richmond,_Christchurch\" href=\"https:\/\/en.wikipedia.org\/wiki\/Richmond,_Christchurch\" target=\"_blank\" rel=\"noopener\">https:\/\/en.wikipedia.org\/wiki\/Richmond,_Christchurch<\/a><strong><br \/>\n<\/strong>Richmond is a minor suburb of Christchurch, New Zealand.<br \/>\nSituated to the inner north east of the city centre, the suburb is bounded by Shirley Road to the north, Hills Road to the west, and the Avon River to the south and east.<\/p>\n<p><strong>Richmond Village Green<\/strong><br \/>\n<a title=\"https:\/\/www.eventfinda.co.nz\/venue\/richmond-village-green-christchurch-city\" href=\"https:\/\/www.eventfinda.co.nz\/venue\/richmond-village-green-christchurch-city\" target=\"_blank\" rel=\"noopener\">https:\/\/www.eventfinda.co.nz\/venue\/richmond-village-green-christchurch-city<\/a><\/p>\n<p><strong>Richmond Playground<\/strong><br \/>\n<a title=\"https:\/\/www.eventfinda.co.nz\/venue\/richmond-playground-christchurch\" href=\"https:\/\/www.eventfinda.co.nz\/venue\/richmond-playground-christchurch\" target=\"_blank\" rel=\"noopener\">https:\/\/www.eventfinda.co.nz\/venue\/richmond-playground-christchurch<\/a><\/p>\n<p><strong>Richmond Neighbourhood Cottage<\/strong><br \/>\n<a title=\"https:\/\/www.ccc.govt.nz\/culture-and-community\/venues-for-hire\/richmond-neighbourhood-cottage\" href=\"https:\/\/www.ccc.govt.nz\/culture-and-community\/venues-for-hire\/richmond-neighbourhood-cottage\" target=\"_blank\" rel=\"noopener\">https:\/\/www.ccc.govt.nz\/culture-and-community\/venues-for-hire\/richmond-neighbourhood-cottage<\/a><br \/>\nThis charming cottage is a smaller venue suitable for small group meetings and activities and children&#8217;s birthday parties. The cottage is situated next to Richmond Village Green where there is a children&#8217;s playground. Address: Corner London &amp; Pavitt Streets, Richmond, Christchurch.<\/p>\n<p><strong>Richmond Village History<\/strong><br \/>\n<a title=\"http:\/\/www.peelingbackhistory.co.nz\/richmond-joined-the-greater-christchurch-1st-november-1890\/\" href=\"http:\/\/www.peelingbackhistory.co.nz\/richmond-joined-the-greater-christchurch-1st-november-1890\/\" target=\"_blank\" rel=\"noopener\">http:\/\/www.peelingbackhistory.co.nz\/richmond-joined-the-greater-christchurch-1st-november-1890\/<\/a><br \/>\nOn 1st November 1890, Richmond joined the Greater Christchurch and came under the care of the C.C.C. It was the first borough to do so outside the main Town Belts (our main four Avenues).<br \/>\nHungarian settler, Morice Bing bought 200 acres just north of the Avon River (near Stanmore Road) in the early 1860s. He turned his land into a sheep farm and became an expert at classing wool at the Addington Stockyards. When Bing began to sell off his land, the area became known as Bingsland \u2013 the term first appearing in the papers in 1869.<br \/>\nBingsland resident, Joseph John Anderson was a civil servant who also served as a member of the Christchurch East School (pictured) Committee. When this new educational district opened, a name change to \u2018Richmond\u2019 was suggested by Anderson as the name was more \u2018\u2026high-sounding and classic\u2026\u2019 than Bingsland. The name change became official on 28 June 1882.<\/p>\n<p><strong>Richmond Neighbourhood Improvement Area CCC Report 1987<br \/>\n<\/strong><a title=\"http:\/\/www.aveburyhouse.co.nz\/richmond-history-group\/1987-ccc-report-richmond-neighbourhood-improvement-area\" href=\"http:\/\/www.aveburyhouse.co.nz\/richmond-history-group\/1987-ccc-report-richmond-neighbourhood-improvement-area\" target=\"_blank\" rel=\"noopener\">http:\/\/www.aveburyhouse.co.nz\/richmond-history-group\/1987-ccc-report-richmond-neighbourhood-improvement-area<\/a><br \/>\n1987 CCC Report: &#8220;Richmond Neighbourhood Improvement Area&#8221;<br \/>\n\u201cThis report was prepared by the Christchurch City Council and published in 1987. The document consists of nine sections and includes descriptions of the Richmond area as it was in the late 1980s, as well as suggestions for improving the appearance, function and traffic flows in and around the area. So, it is an interesting snapshot of Richmond as it was thirty years ago as well as an insight into the thinking at the time, of people seeking to improve the area.\u201d<\/p>\n<p><strong>Heritage New Zealand | Regenerate Christchurch<\/strong><br \/>\n<a title=\"http:\/\/www.regeneratechristchurch.nz\/assets\/Uploads\/Heritage-Assessment-for-the-Residential-Red-Zone-Richmond.pdf\" href=\"http:\/\/www.regeneratechristchurch.nz\/assets\/Uploads\/Heritage-Assessment-for-the-Residential-Red-Zone-Richmond.pdf\" target=\"_blank\" rel=\"noopener\">http:\/\/www.regeneratechristchurch.nz\/assets\/Uploads\/Heritage-Assessment-for-the-Residential-Red-Zone-Richmond.pdf<\/a><br \/>\nHeritage New Zealand | Initial Heritage Assessment for Canterbury Earthquake Recovery Authority<br \/>\nRICHMOND RESIDENTIAL RED ZONE<br \/>\nHeritage New Zealand File No.33002-278 | 23 February 2015<br \/>\n\u201cHeritage New Zealand\u2019s advice does not represent a full assessment of M\u0101ori heritage and other values and we strongly recommend that direct consultation is undertaken with Te Runaka o Ngai Tuahuriri and Te Runanga o Ngai Tahu.\u201d<br \/>\n\u201cThere are currently seven archaeological sites recorded in the New Zealand Archaeological Association site recording scheme (Archsite) in the area of the Richmond Residential Red Zone.\u201d<br \/>\n\u201cThe streets and houses of the Richmond residential red zone were arranged around the Avon River\/Otakaro which is therefore an integral element of the area\u2019s history and landscape. <br \/>\nThe river has high historical significance for supporting transport, industry and recreation, and as a food resource for Maori and Pakeha settlers.\u201d<br \/>\n\u201cPrior to the Canterbury Earthquakes Richmond had special character for its streetscapes of nineteenth and early twentieth century cottages, villas and some substantial houses, as well as later villas and bungalows.\u201d<br \/>\n\u201cHeritage New Zealand recommends that:<br \/>\n&#8211; consultation is undertaken with Te Runaka o Ngai Tuahuriri and Te Runanga o Ngai Tahu to ascertain their views and provide input into the redesign of their cultural landscape;<br \/>\n&#8211; landscaping and redevelopment plans incorporate views to and from the Avon River\/Otakaro and the river corridor as a measure of acknowledgement that the river remains a key feature of the area\u2019s Maori and Pakeha heritage;<br \/>\n&#8211; consultation is undertaken with the Avon Otakaro Network and other relevant community groups; <br \/>\n&#8211; the W. A. Sutton house and garden at 20 Templar Street is repaired and retained in its current location. To support this recommendation Heritage New Zealand will consider inclusion of the <br \/>\nW. A. Sutton house and garden in the New Zealand Heritage List\/R\u0101rangi K\u014drero;<br \/>\n&#8211; CERA supports and encourages the Christchurch City Council, as owners of the Glade Avenue and Templar Street pumphouses, to repair the buildings and retain them in situ;<br \/>\n&#8211; the stories of the Richmond, its demolished heritage places and archaeological features\/records are incorporated in landscape development and rebuild plans. <br \/>\nHeritage New Zealand can supply further information and content to support this recommendation;<br \/>\n&#8211; landscaping and redevelopment plans are sensitive to the scale and heritage values of Avebury House, situated adjacent to the residential red zone at 9 Evelyn Couzins Avenue; <br \/>\n&#8211; current and future owners be made aware that work affecting archaeological sites is subject to the archaeological authority process under the Heritage New Zealand Pouhere Taonga Act 2014.\u201d<\/p>\n<p><strong>Richmond Residential Red Zone | Regenerate Christchurch<\/strong><br \/>\n<a title=\"www.regeneratechristchurch.nz\/assets\/Uploads\/Area-15-Richmond-v2.pdf\" href=\"http:\/\/www.regeneratechristchurch.nz\/assets\/Uploads\/Area-15-Richmond-v2.pdf\" target=\"_blank\" rel=\"noopener\">www.regeneratechristchurch.nz\/assets\/Uploads\/Area-15-Richmond-v2.pdf<\/a><br \/>\n<strong>Natural Environment:<\/strong><br \/>\n&#8211; &#8216;supports At-Risk fish species including their migration routes, and supports indigenous vegetation and avifauna that is representative of the Low Plains Ecological District&#8217;.<br \/>\n&#8211; Located at the south western corner of Harvey Terrace and Templar Street is a Significant Tree (Black Locust)\u2013identified as Tree ID No. T139 in Chapter 9 of the notified version of the proposed Christchurch Replacement District Plan.<br \/>\n<strong>Public Facilities:<\/strong><br \/>\n&#8211; Avebury House is located within the adjoining Avebury Park. <br \/>\n&#8211; The tennis courts below Harvey Terrace at the western end of Area 15.<br \/>\n<strong>Reserves:<\/strong><br \/>\n&#8211; Adjacent to Avebury Park, a Garden and Heritage Park (9,124m2) which has a significant cluster of mature trees, and is zoned Open Space Community Parks under the proposed Christchurch Replacement District Plan. <br \/>\n&#8211; Also adjacent to Richmond Park which is a sports park (37,529m2), and reserves alongside the river.<br \/>\n<strong>Mana Whenua \/ Ng\u0101i Tahu Interests:<\/strong><br \/>\nThe whole of Area 15 is shown as a culturally significant zone and is part of a larger Ng\u0101i T\u016b\u0101huriri takiw\u0101 area of interest. Mana Whenua and Ng\u0101i Tahu strongly recognise the relationship of this area with Te Ao T\u016broa (Natural Environment), ecological values and the water. This area also has significant Mahinga Kai values.<br \/>\n<strong>Archaeology and Heritage:<\/strong><br \/>\n&#8211; New Zealand Archaeological Association: There are six recorded European archaeological sites, predominantly in Area 15B and the south end of Area 15A. <br \/>\nFive of these relate to historic house sites and one is not identified.<br \/>\n&#8211; Material evidence of M\u0101ori occupation has been found in this locality in the past. There is a recorded M\u0101ori archaeological site in the vicinity of Banks Avenue and there is an area of potential M\u0101ori archaeological sites near Dudley Creek. Accordingly, there is potential for further items or sites of archaeological value to be discovered.<br \/>\n<strong>Special or Other Features:<\/strong><br \/>\nThe house in Templar Street formerly owned by Bill Sutton, while not a listed heritage feature, is considered to have value for its association with an important Canterbury artist.<br \/>\n<strong>Transport:<\/strong><br \/>\n&#8211; Stanmore Road is a Collector Road.<br \/>\n&#8211; A Major Cycle Route (\u201cAvon-\u014ct\u0101karo Route\u201d) is proposed to follow a route on the true right bank of the \u014ct\u0101karo\/Avon River, along Heywood\/Draper\/Swanns and River Rd (south of Swanns Rd) <a title=\"https:\/\/ccc.govt.nz\/transport\/cycling\/major-cycle-routes\/about-cycle-routes\/\" href=\"https:\/\/ccc.govt.nz\/transport\/cycling\/major-cycle-routes\/about-cycle-routes\/\" target=\"_blank\" rel=\"noopener\">https:\/\/ccc.govt.nz\/transport\/cycling\/major-cycle-routes\/about-cycle-routes\/<\/a>.<\/p>\n<p><strong>\u014ct\u0101karo Avon River Corridor Regeneration Area | Regenerate Christchurch<\/strong><br \/>\n<a title=\"https:\/\/engage.regeneratechristchurch.nz\/30274\/documents\/78661\" href=\"https:\/\/engage.regeneratechristchurch.nz\/30274\/documents\/78661\" target=\"_blank\" rel=\"noopener\">https:\/\/engage.regeneratechristchurch.nz\/30274\/documents\/78661<\/a><br \/>\n\u014ct\u0101karo Avon River Corridor Regeneration Area \u2013 Refined Shortlist<br \/>\nPg 3 CCC Cycleway (City to Sea Path \u2013 Major Cycleway)<br \/>\nPg 4 Richmond Landing<br \/>\nPg 7 Christchurch on a Plate, Cultural Experience, Heritage Trails, Ecotourism Ventures<\/p>\n<p><strong>Edgeware Village Master Plan<\/strong><br \/>\n<a title=\"https:\/\/www.ccc.govt.nz\/the-council\/plans-strategies-policies-and-bylaws\/plans\/suburban-centres-master-plans\/edgeware-village-master-plan\" href=\"https:\/\/www.ccc.govt.nz\/the-council\/plans-strategies-policies-and-bylaws\/plans\/suburban-centres-master-plans\/edgeware-village-master-plan\" target=\"_blank\" rel=\"noopener\">https:\/\/www.ccc.govt.nz\/the-council\/plans-strategies-policies-and-bylaws\/plans\/suburban-centres-master-plans\/edgeware-village-master-plan<\/a><br \/>\n<a title=\"https:\/\/www.ccc.govt.nz\/assets\/Documents\/The-Council\/Plans-Strategies-Policies-Bylaws\/Plans\/suburban-plans\/EdgewareVillageFinalMasterPlan.pdf\" href=\"https:\/\/www.ccc.govt.nz\/assets\/Documents\/The-Council\/Plans-Strategies-Policies-Bylaws\/Plans\/suburban-plans\/EdgewareVillageFinalMasterPlan.pdf\" target=\"_blank\" rel=\"noopener\">https:\/\/www.ccc.govt.nz\/assets\/Documents\/The-Council\/Plans-Strategies-Policies-Bylaws\/Plans\/suburban-plans\/EdgewareVillageFinalMasterPlan.pdf<\/a><br \/>\nPg 47 \u201cWayfinding Signage\u201d<br \/>\nPg 65 Edgeware Village Market<br \/>\nPg 67 Building Signage\/Canopy<\/p>\n<p><strong>Stanmore Road Pedestrian Crossing &amp; Slow Speed Zone<\/strong><br \/>\nRichmond resident Gillian Sheard has been engaging with the locals, Community Board and CCC regarding options to address pedestrian safety concerns throughout Stanmore Road.<\/p>\n<p><a title=\"https:\/\/www.yumpu.com\/en\/document\/view\/60213065\/pegasus-post-may-15-2018\" href=\"https:\/\/www.yumpu.com\/en\/document\/view\/60213065\/pegasus-post-may-15-2018\" target=\"_blank\" rel=\"noopener\">https:\/\/www.yumpu.com\/en\/document\/view\/60213065\/pegasus-post-may-15-2018<\/a><br \/>\nPg 3<br \/>\nStanmore Rd Petition Gains Momentum<br \/>\nBy Sophie Cornish and Georgia O\u2019Connor-Harding<br \/>\n\u201cRichmond resident Gillian Sheard has started a petition to address safety concerns at a pedestrian crossing on Stanmore Rd.\u201d<\/p>\n<p><a title=\"http:\/\/christchurch.infocouncil.biz\/Open\/2018\/05\/LCHB_20180516_MIN_2595_AT.PDF\" href=\"http:\/\/christchurch.infocouncil.biz\/Open\/2018\/05\/LCHB_20180516_MIN_2595_AT.PDF\" target=\"_blank\" rel=\"noopener\">http:\/\/christchurch.infocouncil.biz\/Open\/2018\/05\/LCHB_20180516_MIN_2595_AT.PDF<\/a><br \/>\nWaikura &#8211; Linwood &#8211; Central &#8211; Heathcote Community Board<br \/>\nOPEN MINUTES<br \/>\nPg 2<br \/>\n\u201c4. Public Forum | Part B<br \/>\n4.1 Richmond Village<br \/>\nGillian Sheard, local resident, addressed the Board requesting that the Council have the Richmond Village area streets swept more often.<br \/>\nMs Sheard tabled photos showing the condition of the streets and kerbing around the Richmond Village area. <br \/>\nMs Sheard advised that she is working with the Richmond Village businesses to upgrade the Richmond Village signage.<br \/>\nMs Sheard further discussed with the Board her concerns regarding the pedestrian crossing adjacent to 331 Stanmore Road including a verbal suggestion of implementing a slow speed zone. As part of the presentation Ms Sheard tabled a petition with regard to the pedestrian crossing. (Refer to Clause 6 of these minutes).\u201d<br \/>\n6. Presentation of Petition | Part B<br \/>\nThat the Linwood &#8211; Central &#8211; Heathcote Community Board:<br \/>\n1. Note and receive the petition organised by Gillian Sheard. The petition was signed by 542 residents and the statement of the petition is as follows:<br \/>\n&#8216;I agree that the Stanmore Road pedestrian crossing is dangerous. It needs improving as below (referred to the minute attachment below) or getting lights at the Avalon\/Stanmore Roads intersection \u2013 much sooner than later, before we have a death.&#8217;<\/p>\n<p><strong>Christchurch Libraries | Maori History<\/strong><br \/>\n<a class=\"moz-txt-link-freetext\" title=\"https:\/\/my.christchurchcitylibraries.com\/ti-kouka-whenua\/\" href=\"https:\/\/my.christchurchcitylibraries.com\/ti-kouka-whenua\/\" target=\"_blank\" rel=\"noopener\">https:\/\/my.christchurchcitylibraries.com\/ti-kouka-whenua\/<\/a> <br \/>\n&#8220;Maori History Website: Marae, Iwi and Hapu information, Significant Landmarks and Waterways in Christchurch. Also includes Pa sites, Organisations &amp; Tangata Rongonui.&#8221; <br \/>\n<a class=\"moz-txt-link-freetext\" title=\"https:\/\/my.christchurchcitylibraries.com\/ti-kouka-whenua\/puari\/\" href=\"https:\/\/my.christchurchcitylibraries.com\/ti-kouka-whenua\/puari\/\" target=\"_blank\" rel=\"noopener\">https:\/\/my.christchurchcitylibraries.com\/ti-kouka-whenua\/puari\/<\/a> <br \/>\nChristchurch Libraries have a Maori Services Team who look after Programmes, Events &amp; Learning, Telephone: 941 7923. <\/p>\n<p><strong>Christchurch City Contextual History Overview<\/strong><br \/>\n<a class=\"moz-txt-link-freetext\" title=\"https:\/\/www.ccc.govt.nz\/assets\/Documents\/Culture-Community\/Heritage\/ChristchurchCityContextualHistoryOverviewFull-docs.pdf\" href=\"https:\/\/www.ccc.govt.nz\/assets\/Documents\/Culture-Community\/Heritage\/ChristchurchCityContextualHistoryOverviewFull-docs.pdf\" target=\"_blank\" rel=\"noopener\">https:\/\/www.ccc.govt.nz\/assets\/Documents\/Culture-Community\/Heritage\/ChristchurchCityContextualHistoryOverviewFull-docs.pdf<\/a><\/p>\n","protected":false},"excerpt":{"rendered":"<p>Richmond https:\/\/en.wikipedia.org\/wiki\/Richmond,_Christchurch Richmond is a minor suburb of Christchurch, New Zealand. Situated to the inner north east of the city centre, the suburb is bounded by Shirley Road to the north, Hills Road to the west, and the Avon River to the south and east. Richmond Village Green https:\/\/www.eventfinda.co.nz\/venue\/richmond-village-green-christchurch-city Richmond Playground https:\/\/www.eventfinda.co.nz\/venue\/richmond-playground-christchurch Richmond Neighbourhood Cottage &hellip; <a href=\"https:\/\/lifeisajourney.co.nz\/rur\/research\/\" class=\"more-link\">Continue reading <span class=\"screen-reader-text\">Research<\/span><\/a><\/p>\n","protected":false},"author":2,"featured_media":0,"parent":0,"menu_order":22,"comment_status":"closed","ping_status":"closed","template":"","meta":{"footnotes":""},"class_list":["post-81","page","type-page","status-publish","hentry"],"_links":{"self":[{"href":"https:\/\/lifeisajourney.co.nz\/rur\/wp-json\/wp\/v2\/pages\/81","targetHints":{"allow":["GET"]}}],"collection":[{"href":"https:\/\/lifeisajourney.co.nz\/rur\/wp-json\/wp\/v2\/pages"}],"about":[{"href":"https:\/\/lifeisajourney.co.nz\/rur\/wp-json\/wp\/v2\/types\/page"}],"author":[{"embeddable":true,"href":"https:\/\/lifeisajourney.co.nz\/rur\/wp-json\/wp\/v2\/users\/2"}],"replies":[{"embeddable":true,"href":"https:\/\/lifeisajourney.co.nz\/rur\/wp-json\/wp\/v2\/comments?post=81"}],"version-history":[{"count":15,"href":"https:\/\/lifeisajourney.co.nz\/rur\/wp-json\/wp\/v2\/pages\/81\/revisions"}],"predecessor-version":[{"id":200,"href":"https:\/\/lifeisajourney.co.nz\/rur\/wp-json\/wp\/v2\/pages\/81\/revisions\/200"}],"wp:attachment":[{"href":"https:\/\/lifeisajourney.co.nz\/rur\/wp-json\/wp\/v2\/media?parent=81"}],"curies":[{"name":"wp","href":"https:\/\/api.w.org\/{rel}","templated":true}]}}